 of 413592?
2
What is the tens digit of 30788331?
3
What is the ten thousands digit of 12513292?
1
What is the ten thousands digit of 16435774?
3
What is the tens digit of 496385?
8
What is the ten thousands digit of 209974?
0
What is the units digit of 430757?
7
What is the ten thousands digit of 387981?
8
What is the tens digit of 233702?
0
What is the ten thousands digit of 493680?
9
What is the thousands digit of 1935911?
5
What is the tens digit of 906856?
5
What is the millions digit of 1096944?
1
What is the hundreds digit of 6592632?
6
What is the ten millions digit of 12037828?
1
What is the ten thousands digit of 1494154?
9
What is the thousands digit of 384008?
4
What is the hundred thousands digit of 957778?
9
What is the hundreds digit of 331655?
6
What is the hundred thousands digit of 7322940?
3
What is the units digit of 74830?
0
What is the ten thousands digit of 2728067?
2
What is the ten thousands digit of 241406?
4
What is the thousands digit of 372265?
2
What is the hundred thousands digit of 7705517?
7
What is the tens digit of 486155?
5
What is the hundreds digit of 153085?
0
What is the ten thousands digit of 140511?
4
What is the units digit of 5859353?
3
What is the hundred thousands digit of 168060?
1
What is the hundreds digit of 166452?
4
What is the ten thousands digit of 923266?
2
What is the thousands digit of 234421?
4
What is the ten thousands digit of 2731866?
3
What is the hundreds digit of 237991?
9
What is the hundreds digit of 2528699?
6
What is the tens digit of 9034922?
2
What is the hundreds digit of 8084184?
1
What is the millions digit of 11018585?
1
What is the tens digit of 1742108?
0
What is the hundreds digit of 736321?
3
What is the ten thousands digit of 142632?
4
What is the tens digit of 748380?
8
What is the ten thousands digit of 4980519?
8
What is the hundred thousands digit of 599322?
5
What is the hundreds digit of 443934?
9
What is the tens digit of 1131776?
7
What is the thousands digit of 7297336?
7
What is the thousands digit of 246323?
6
What is the tens digit of 103007?
0
What is the tens digit of 40902268?
6
What is the millions digit of 2050412?
2
What is the tens digit of 98752?
5
What is the hundreds digit of 33898?
8
What is the thousands digit of 3075182?
5
What is the units digit of 5310850?
0
What is the ten thousands digit of 2236142?
3
What is the tens digit of 9817?
1
What is the thousands digit of 8017725?
7
What is the ten thousands digit of 151246?
5
What is the tens digit of 125776?
7
What is the hundreds digit of 24232?
2
What is the tens digit of 6768658?
5
What is the units digit of 597444?
4
What is the tens digit of 1967422?
2
What is the tens digit of 2240439?
3
What is the thousands digit of 316465?
6
What is the thousands digit of 17135680?
5
What is the millions digit of 4941443?
4
What is the ten thousands digit of 1137272?
3
What is the hundreds digit of 220086?
0
What is the hundred thousands digit of 2357737?
3
What is the ten thousands digit of 397653?
9
What is the hundred thousands digit of 221718?
2
What is the millions digit of 19512044?
9
What is the units digit of 280080?
0
What is the hundred thousands digit of 3908978?
9
What is the hundred thousands digit of 105596?
1
What is the thousands digit of 821430?
1
What is the millions digit of 12862423?
2
What is the tens digit of 1154230?
3
What is the millions digit of 2957078?
2
What is the ten millions digit of 20623522?
2
What is the units digit of 2058199?
9
What is the hundred thousands digit of 1629801?
6
What is the thousands digit of 100715?
0
What is the hundred thousands digit of 3013087?
0
What is the hundred thousands digit of 3091779?
0
What is the hundred thousands digit of 136055?
1
What is the thousands digit of 396825?
6
What is the units digit of 560641?
1
What is the thousands digit of 1340731?
0
What is the thousands digit of 131602?
1
What is the tens digit of 673365?
6
What is the thousands digit of 442283?
2
What is the millions digit of 1302317?
1
What is the tens digit of 11409441?
4
What is the units digit of 982950?
0
What is the hundred thousands digit of 3961383?
9
What is the millions digit of 1056280?
1
What is the tens digit of 197085?
8
What is the thousands digit of 735214?
5
What is the tens digit of 2209703?
0
What is the thousands digit of 6014718?
4
What is the thousands digit of 570922?
0
What is the hundreds digit of 759171?
1
What is the hundreds digit of 3324481?
4
What is the millions digit of 1972163?
1
What is the hundred thousands digit of 749682?
7
What is the hundreds digit of 727685?
6
What is the thousands digit of 19833216?
3
What is the hundreds digit of 13556241?
2
What is the hundreds digit of 6201674?
6
What is the hundreds digit of 784502?
5
What is the ten thousands digit of 172478?
7
What is the units digit of 16385327?
7
What is the ten thousands digit of 1752579?
5
What is the thousands digit of 1210537?
0
What is the units digit of 569281?
1
What is the units digit of 32618?
8
What is the tens digit of 1661301?
0
What is the tens digit of 1284008?
0
What is the hundreds digit of 356888?
8
What is the thousands digit of 7229287?
9
What is the tens digit of 37609810?
1
What is the ten thousands digit of 978220?
7
What is the millions digit of 11319299?
1
What is the hundreds digit of 1730812?
8
What is the hundreds digit of 17703220?
2
What is the thousands digit of 437279?
7
What is the hundred thousands digit of 6664275?
6
What is the hundred thousands digit of 5741472?
7
What is the tens digit of 215190?
9
What is the ten millions digit of 13269495?
1
What is the ten millions digit of 16015380?
1
What is the hundreds digit of 213669?
6
What is the millions digit of 26031621?
6
What is the units digit of 612651?
1
What is the hundred thousands digit of 9517307?
5
What is the hundred thousands digit of 728165?
7
What is the thousands digit of 83063?
3
What is the ten thousands digit of 811842?
1
What is the tens digit of 2830861?
6
What is the hundreds digit of 1690949?
9
What is the ten thousands digit of 11531617?
3
What is the hundreds digit of 891035?
0
What is the thousands digit of 351326?
1
What is the hundreds digit of 130568?
5
What is the thousands digit of 122715?
2
What is the ten thousands digit of 44014?
4
What is the hundred thousands digit of 9101966?
1
What is the hundreds digit of 5839684?
6
What is the hundred thousands digit of 162033?
1
What is the hundred thousands digit of 4615998?
6
What is the thousands digit of 3631351?
1
What is the thousands digit of 4648794?
8
What is the hundred thousands digit of 834166?
8
What is the hundreds digit of 12375?
3
What is the hundred thousands digit of 12488686?
4
What is the hundreds digit of 489239?
2
What is the tens digit of 8640507?
0
What is the hundred thousands digit of 292755?
2
What is the millions digit of 1339473?
1
What is the ten thousands digit of 399304?
9
What is the units digit of 178650?
0
What is the thousands digit of 41956?
1
What is the units digit of 736291?
1
What is the millions digit of 1509370?
1
What is the hundreds digit of 372276?
2
What is the tens digit of 24563694?
9
What is the units digit of 1172613?
3
What is the thousands digit of 436879?
6
What is the units digit of 26853?
3
What is the tens digit of 10623954?
5
What is the hundreds digit of 3456442?
4
What is the ten thousands digit of 2975131?
7
What is the thousands digit of 36722?
6
What is the tens digit of 105073?
7
What is the units digit of 702440?
0
What is the hundreds digit of 3561005?
0
What is the hundreds digit of 518974?
9
What is the hundreds digit of 34849?
8
What is the thousands digit of 597156?
7
What is the hundreds digit of 19430299?
2
What is the ten thousands digit of 28352401?
5
What is the thousands digit of 2305?
2
What is the thousands digit of 4214572?
4
What is the millions digit of 8628515?
8
What is the units digit of 1265531?
1
What is the thousands digit of 2668551?
8
What is the thousands digit of 264637?
4
What is the tens digit of 501308?
0
What is the hundreds digit of 698713?
7
What is the thousands digit of 9677466?
7
What is the units digit of 86733?
3
What is the thousands digit of 179610?
9
What is the thousands digit of 312414?
2
What is the 